
Suppose 1 = -3*s - 5*g + 26, -g - 1 = 0. Let t(w) = 5*w**2 + 5*w - 3. Let m be t(-10). Let z = -340 + m. Calculate the remainder when z is divided by s.
7
Let v = -22 - -54. Suppose v*i - 20 = 28*i. Suppose 5*l - 145 = 5*b + 70, i*l + 5*b - 165 = 0. Calculate the remainder when l is divided by 11.
5
What is the remainder when 388 is divided by (5 - 4) + -18 + 78?
22
Suppose 16 = 4*n, 3*n - 9 = 4*j + 3. Suppose -49 = 5*c - 4*r + 2*r, r - 2 = j. Calculate the remainder when 61 is divided by 6 + c - (1 - (-40)/(-2)).
13
Let b = 920 - 816. What is the remainder when b is divided by 101?
3
Let h = 90 - 36. Suppose 0 = 5*l - 15*d + 12*d - 789, -l - 5*d + 169 = 0. Calculate the remainder when l is divided by h.
51
Let r(u) = u**3 - 7*u**2 + 34*u - 174. What is the remainder when r(7) is divided by 38?
26
Suppose 0 = 5*k - 25, -d = -2*k - 14 - 36. Suppose 0 = 17*l - 21*l + d. What is the remainder when 88 is divided by l?
13
Suppose -3*w + 280 = -2*v, -8*w + 3*w = -3*v - 466. Let m(o) = 2*o**2 - 17*o + 2. What is the remainder when w is divided by m(10)?
28
Suppose -3*t = -4*k - 237 + 31, t - 2*k = 66. Suppose -5*s + 128 + 596 = 2*x, -s - 2*x + 140 = 0. Calculate the remainder when s is divided by t.
72
Suppose 495*t = 496*t - 49. Calculate the remainder when 18/(-3)*(-36)/(-8)*-9 is divided by t.
47
Suppose 58*j + 72530 = 95057 + 134131. What is the remainder when j is divided by 51?
49
Suppose -6*k = 2*k. Suppose 3*i - 129 - 177 = k. Calculate the remainder when i is divided by 21.
18
Let g = -587 - -611. Let k = -171 - -242. What is the remainder when k is divided by g?
23
Let w(p) = -3*p**3 - 16*p**2 - 7*p + 14. What is the remainder when 626 is divided by w(-6)?
114
Let r be -123*((-15)/5 - -2). Suppose -r + 1188 = -5*l. Let n = -136 - l. What is the remainder when n is divided by 26?
25
Let y(l) = -l**3 + 10*l**2 - 18*l + 11. Let i be y(6). Let d = 52 - i. What is the remainder when 1/2*2 + 6 is divided by d?
2
Let y be 0 - 3 - (-3004 + -6)/7. Let u = y - 247. What is the remainder when u is divided by 37?
32
Suppose 25*c + 30 = 15*c. Let w(p) = -28*p - 15. What is the remainder when 127 is divided by w(c)?
58
Let w = 288 + -289. Let r(a) = -27*a**3 - 3*a**2 - 6*a - 4. What is the remainder when 334 is divided by r(w)?
22
Let q(r) = 2*r**2 - 45*r - 16. Suppose -2*k - 56 = -2*m, -4*m + 2*k = -3*k - 117. Suppose -2*y + 1 = -9. What is the remainder when q(m) is divided by y?
2
Let p = 12894 - 12863. Let f(a) = a**3 + 11*a**2 - 5*a + 6. Calculate the remainder when f(-6) is divided by p.
30
Suppose -56*m + 438 = -53*m. Suppose -3*s - 2*p = -115, 4*s + p = 2*p + m. What is the remainder when s is divided by 20?
17
Suppose -27*j + 5 + 37 = -174. Suppose 3*g - 2*k = 11, 4 + 11 = 5*g - 4*k. Suppose j = h + g. What is the remainder when 4 is divided by h?
0
Suppose -3*r = -2*f - r + 36, 5*f - 58 = -3*r. Suppose -80 = 5*n - 9*n. What is the remainder when n is divided by (-4 - f)/((-9)/6)?
8
Let d(n) = -24*n - 1927. What is the remainder when 933 is divided by d(-90)?
1
Let d be (6/8)/(-3) - (-26)/8. Let f(r) = 3*r + 5. Let l(q) = q**2 + 3*q + 6. Let m(h) = -7*f(h) + 6*l(h). Calculate the remainder when m(d) is divided by 12.
10
Let c = -35 + 105. Suppose 4*o = -5*j + c, 4*o - 72 = j - 5*j. Suppose -22*k = -o*k - 104. Calculate the remainder when k is divided by 27.
25
Let o = 400 + -483. Let q = o - -167. Calculate the remainder when 584 is divided by q.
80
Let y(v) = v**3 - 7*v**2 + 10*v - 6. Let l(q) = q + 3. Let c be l(3). Suppose b - c = -0*b. What is the remainder when y(6) is divided by b?
0
Suppose 5*u - 3013 + 2968 = 0. What is the remainder when (-15)/35 - (-314)/14 is divided by u?
4
Let a(s) = -s**3 - 11*s**2 - 12*s + 15. Let h = -33 + 41. Suppose -m - 28 = 3*p, -2*m + 6 = -p - h. Calculate the remainder when a(p) is divided by 24.
11
Suppose -5*f + 40 = 5*a, -a = 5*f - 6*f + 2. What is the remainder when 108 is divided by (-4)/a - (-530)/15?
6
Let k = 3295 + -3266. Calculate the remainder when 1826 is divided by k.
28
Suppose -158*w = -623*w + 4775 - 1055. Suppose -3*v + 2*v = -133. Calculate the remainder when v is divided by w.
5
Suppose -173*f + 163*f = -80. Suppose -15*z - f*z + 4301 = 0. What is the remainder when z is divided by 49?
40
Let c(b) = 17*b - 6. Let r = -223 + 233. Calculate the remainder when c(5) is divided by (-4)/(r - 6)*-10*2.
19
Let q = 1475 + -1390. What is the remainder when 251 is divided by q?
81
Suppose 15*o = 84 + 4191. Calculate the remainder when o is divided by 17.
13
Let v(x) = 4*x**3 - 44*x**2 - 6*x + 86. Suppose h - 4*f - 2 = -3*f, 4*h = 2*f + 16. What is the remainder when v(11) is divided by h?
2
Suppose 176*n - 174*n = 2*q + 112, -n = 6*q - 70. Suppose -3*m - 3 = -39. Calculate the remainder when n is divided by m.
10
Let b = 2713 - 2317. Calculate the remainder when b is divided by 31.
24
Let t = -1116923 - -1116978. Suppose -5*y + 5*k + 190 = 0, 0 = -3*y - k + 7 + 87. What is the remainder when t is divided by y?
22
Let i be (0 - (-12 - -6))*(-2)/(-4). Suppose 3*u - 2*u - 5 = 0, 4*o + i*u = 255. Calculate the remainder when o is divided by 17.
9
Let c(z) = -4*z**3 - 41*z**2 - 13*z + 6. Calculate the remainder when 246 is divided by c(-10).
30
Let k be (-8)/(40/807) + 6/15. Suppose 0*q - 188 = -4*q. What is the remainder when (k/28 + 9)/(1/28) is divided by q?
44
Suppose 51 = -3*o + 165. Let r = o - -1. Suppose 2*z + 5*i - r = 0, -i + 5*i = -5*z + 123. Calculate the remainder when 78 is divided by z.
24
Suppose 2748 = 5*y + 3*g, 0 = 2*y + g - 572 - 528. What is the remainder when y is divided by 12?
0
Let o(a) = 1131*a - 2507. Calculate the remainder when 4037 is divided by o(4).
3
Suppose -6*l = -4*l - 22. Suppose 0 = -j + 52 - l. Let v(g) = -g**2 - 16*g - 40. What is the remainder when j is divided by v(-9)?
18
Suppose -3*i - 49 = 4*w - 52, -i + 5*w + 58 = 0. Let f = 55 + -37. What is the remainder when f is divided by i?
5
Suppose 8*d - 12*d = -288. Let n = 140 - d. Let t = 49 + n. Calculate the remainder when t is divided by 31.
24
Let m = 58 - 55. Let g = 28 - 26. Suppose -g = -2*d + 10. Calculate the remainder when d is divided by m.
0
Suppose 23*x - 11417 + 699 = 0. Calculate the remainder when x is divided by 26.
24
Suppose -120*z + 2981 = -619. What is the remainder when z is divided by ((-32)/(-10))/((-1)/(-5))?
14
Let o be (-7)/14 + (-1995)/(-10). Let w = 241 - o. Calculate the remainder when w is divided by 22.
20
Let d(n) = 29*n**2 - 34*n - 11. Let a be d(-5). Suppose 0 = -b + 18*b - a. Calculate the remainder when 207 is divided by b.
51
Let y(q) = -2*q**3 - 41*q**2 - 61*q - 57. Calculate the remainder when (-6036)/(-16) + 6/8 is divided by y(-19).
17
Let b be (-38)/(-171) - ((-158)/18 - 1). Suppose -51 = -b*z + 19. Suppose -7 - 14 = -z*w. Calculate the remainder when 27 is divided by w.
0
Calculate the remainder when (175 - 172)/(2/34) is divided by ((-15)/25)/((-1)/45).
24
Let s = -4502 - -4528. Calculate the remainder when 827 is divided by s.
21
Suppose 19*n + 44*n - 376174 = -64*n. Calculate the remainder when n is divided by 38.
36
Let a = 7303 + -7104. What is the remainder when 622 is divided by a?
25
Suppose 0 = n - 116 + 111. Let s(o) = o**2 - 2*o - 13. What is the remainder when 47 is divided by s(n)?
1
Let s(v) = -7*v + 29. Let d be s(2). Suppose d = -2*x - x, -3*n + x = -44. What is the remainder when 61 is divided by n?
9
Suppose -s = 3*p - 52, -13*s - 29 = -2*p - 8*s. Calculate the remainder when 3739 is divided by p.
16
Let p = 58 - 35. What is the remainder when (-13 - (-34 + 18))/((-3)/(-85)) is divided by p?
16
Let j be 7 - 2 - (1 - 0). Let c = -688 - -1193. Suppose j*k - 20 = 0, 0*k + c = 5*q - 4*k. What is the remainder when q is divided by 28?
21
Suppose -4*j = 3*w - 38, -2*j = 16*w - 17*w - 24. Suppose 119 + j = 10*d. Calculate the remainder when 26 is divided by d.
0
Let v = 15427 - 15085. Calculate the remainder when v is divided by 57.
0
Let s = 4149 + -3907. Calculate the remainder when s is divided by 79.
5
Suppose 15*q - 7*q = -33*q + 779. What is the remainder when 4348 is divided by q?
16
Suppose 3*o + 3*i = -2*i + 1, 5*i = -20. Let f = 13 + -5. Calculate the remainder when 7 is divided by f/o + 17/(-119).
0
Let j = 182 - 176. Suppose -10*x + j*x + 16 =